e the prime factors of 43282670?
2, 5, 67, 64601
What are the prime factors of 492172657?
233, 2112329
List the prime factors of 927740896.
2, 47, 616849
List the prime factors of 253811517.
3, 149, 567811
List the prime factors of 67024701.
3, 53, 227, 619
List the prime factors of 3183677696.
2, 19, 654539
List the prime factors of 64897354.
2, 263, 123379
List the prime factors of 2876541190.
2, 5, 287654119
List the prime factors of 389030362.
2, 7, 1063, 26141
What are the prime factors of 1428457502?
2, 97, 7363183
What are the prime factors of 479303515?
5, 5407, 17729
What are the prime factors of 407356909?
683, 596423
List the prime factors of 21736933.
21736933
List the prime factors of 306883578.
2, 3, 51147263
List the prime factors of 155504060.
2, 5, 31, 250813
What are the prime factors of 94411597?
7, 3371, 4001
List the prime factors of 141577087.
141577087
What are the prime factors of 122217877?
122217877
What are the prime factors of 88080872?
2, 11, 1000919
What are the prime factors of 2235814763?
7, 13, 2689, 9137
What are the prime factors of 306561201?
3, 31, 137, 24061
List the prime factors of 443653419.
3, 11, 13444043
What are the prime factors of 616514858?
2, 1283, 240263
List the prime factors of 63690610.
2, 5, 277, 22993
List the prime factors of 137460018.
2, 3, 22910003
List the prime factors of 1255325517.
3, 3313, 42101
List the prime factors of 509296363.
509296363
What are the prime factors of 394954241?
11, 151, 237781
What are the prime factors of 21607295?
5, 113, 167, 229
List the prime factors of 67302103.
11, 53, 67, 1723
List the prime factors of 13969974.
2, 3, 89, 26161
List the prime factors of 181002810.
2, 3, 5, 6033427
List the prime factors of 50325511.
50325511
List the prime factors of 597379045.
5, 119475809
List the prime factors of 256442137.
7, 31, 79, 2137
What are the prime factors of 1103965498?
2, 1447, 381467
What are the prime factors of 891902149?
281, 3174029
What are the prime factors of 68811006?
2, 3, 11, 94781
List the prime factors of 22368431.
1279, 17489
List the prime factors of 59853028.
2, 14963257
List the prime factors of 418887643.
241, 347, 5009
What are the prime factors of 75187596?
2, 3, 11, 569603
What are the prime factors of 120771159?
3, 151, 266603
List the prime factors of 894645689.
7, 17, 7518031
List the prime factors of 99225352.
2, 12403169
What are the prime factors of 429551119?
429551119
List the prime factors of 183070207.
41, 4465127
List the prime factors of 6341003168.
2, 37, 5355577
List the prime factors of 484917275.
5, 19396691
What are the prime factors of 1130271782?
2, 37, 15273943
What are the prime factors of 56517430?
2, 5, 5651743
What are the prime factors of 133295694?
2, 3, 7, 809, 3923
What are the prime factors of 696678797?
67, 661, 15731
List the prime factors of 2615649792.
2, 3, 7, 23, 1511
List the prime factors of 34847309.
7, 4978187
List the prime factors of 172486093.
13, 1741, 7621
List the prime factors of 26226891.
3, 53, 54983
What are the prime factors of 216586543?
769, 281647
List the prime factors of 30441167.
23, 1323529
List the prime factors of 12172732.
2, 11, 13, 1637
What are the prime factors of 582079820?
2, 5, 7, 19, 43, 727
What are the prime factors of 2723622444?
2, 3, 277, 273127
What are the prime factors of 40734272?
2, 636473
List the prime factors of 2723121733.
2723121733
What are the prime factors of 195592314?
2, 3, 1583, 20593
What are the prime factors of 550304339?
13, 42331103
What are the prime factors of 8336348?
2, 227, 9181
List the prime factors of 31190335.
5, 11, 567097
What are the prime factors of 1348417472?
2, 21069023
List the prime factors of 144761495.
5, 983, 29453
List the prime factors of 4814147742.
2, 3, 191, 4200827
What are the prime factors of 56812211?
131, 433681
List the prime factors of 1198667967.
3, 7, 2927, 19501
List the prime factors of 44344780.
2, 5, 41, 1319
What are the prime factors of 594893477?
19, 41, 763663
What are the prime factors of 225059244?
2, 3, 307, 61091
List the prime factors of 1908260420.
2, 5, 11, 8673911
What are the prime factors of 4906765980?
2, 3, 5, 71, 383941
What are the prime factors of 2239793930?
2, 5, 11, 47, 433229
List the prime factors of 492555445.
5, 631, 156119
What are the prime factors of 5326215949?
5326215949
What are the prime factors of 224715511?
191, 1176521
What are the prime factors of 80448700?
2, 5, 43, 53, 353
List the prime factors of 313308975.
3, 5, 7, 596779
List the prime factors of 398810738.
2, 139, 1434571
What are the prime factors of 118335195?
3, 5, 11, 79687
List the prime factors of 163583359.
47, 617, 5641
List the prime factors of 961102.
2, 53, 9067
List the prime factors of 14252456.
2, 23, 29, 2671
What are the prime factors of 897042276?
2, 3, 13, 70991
What are the prime factors of 19616763?
3, 1307, 5003
List the prime factors of 170295835.
5, 61, 281, 1987
What are the prime factors of 151709305?
5, 11, 1451, 1901
What are the prime factors of 204554354?
2, 43, 2378539
List the prime factors of 161849322.
2, 3, 37, 73, 3329
What are the prime factors of 10142121?
3, 11, 307337
List the prime factors of 25325061.
3, 71, 118897
What are the prime factors of 1333685253?
3, 73, 317, 19211
List the prime factors of 1225920144.
2, 3, 97, 251, 1049
List the prime factors of 207797039.
149, 743, 1877
List the prime factors of 332807708.
2, 17, 4894231
What are the prime factors of 5911267728?
2, 3, 123151411
List the prime factors of 141816423.
3, 7, 101, 66863
What are the prime factors of 2044367577?
3, 7, 32450279
What are the prime factors of 3931393991?
7, 31, 18117023
What are the prime factors of 248624046?
2, 3, 11, 418559
List the prime factors of 1205753012.
2, 23, 13106011
List the prime factors of 199004396.
2, 49751099
List the prime factors of 151289463.
3, 13, 233, 16649
What are the prime factors of 951395932?
2, 237848983
List the prime factors of 300367576.
2, 37545947
List the prime factors of 6316036.
2, 1579009
What are the prime factors of 2830645355?
5, 566129071
List the prime factors of 26022037.
457, 56941
List the prime factors of 711104962.
2, 2389, 148829
What are the prime factors of 520268328?
2, 3, 7225949
What are the prime factors of 448776790?
2, 5, 7, 11, 139, 599
List the prime factors of 271706436.
2, 3, 47, 160583
What are the prime factors of 72133664?
2, 2254177
What are the prime factors of 145564162?
2, 1033, 70457
List the prime factors of 76543579.
7, 10934797
What are the prime factors of 71791667?
71791667
List the prime factors of 154792816.
2, 9674551
List the prime factors of 157312819.
311, 593, 853
What are the prime factors of 2286047312?
2, 142877957
What are the prime factors of 10906536?
2, 3, 131, 3469
What are the prime factors of 3018940078?
2, 7, 11, 29, 8779
List the prime factors of 61616651.
61616651
List the prime factors of 48512672.
2, 13, 277, 421
List the prime factors of 2756422893.
3, 7, 131258233
List the prime factors of 95244312.
2, 3, 41, 43, 2251
What are the prime factors of 4740084?
2, 3, 353, 373
What are the prime factors of 1010543616?
2, 3, 47, 2333
List the prime factors of 59557579.
17, 101, 34687
What are the prime factors of 44152803?
3, 37, 193, 229
List the prime factors of 3886607727.
3, 2837, 152219
What are the prime factors of 123436486?
2, 41, 1505323
What are the prime factors of 69124252?
2, 17281063
What are the prime factors of 165628968?
2, 3, 6901207
What are the prime factors of 5769229908?
2, 3, 13, 1747, 21169
What are the prime factors of 37421676?
2, 3, 115499
What are the prime factors of 2383314421?
2383314421
What are the prime factors of 129579236?
2, 17, 1905577
What are the prime factors of 85581646?
2, 67, 638669
What are the prime factors of 121613291?
17, 173, 41351
List the prime factors of 68207809.
67, 653, 1559
List the prime factors of 299994656.
2, 13, 721141
List the prime factors of 1182350934.
2, 3, 65686163
List the prime factors of 94195411.
9601, 9811
List the prime factors of 24453288.
2, 3, 223, 1523
What are the prime factors of 5360395912?
2, 59, 1951, 5821
List the prime factors of 231936407.
231936407
What are the prime factors of 4086289372?
2, 11, 928702